{"id":1203,"date":"2023-09-15T13:58:53","date_gmt":"2023-09-15T13:58:53","guid":{"rendered":"https:\/\/emmapay.com\/uat-costa-rica\/?page_id=1203"},"modified":"2024-04-17T10:59:19","modified_gmt":"2024-04-17T16:59:19","slug":"preguntas-frecuentes","status":"publish","type":"page","link":"https:\/\/emmapay.com\/el-salvador\/ayuda\/preguntas-frecuentes\/","title":{"rendered":"Preguntas frecuentes"},"content":{"rendered":"\t\t<div data-elementor-type=\"wp-page\" data-elementor-id=\"1203\" class=\"elementor elementor-1203\" data-elementor-post-type=\"page\">\n\t\t\t\t\t\t<div class=\"elementor-inner\">\n\t\t\t\t<div class=\"elementor-section-wrap\">\n\t\t\t\t\t\t\t<div class=\"elementor-element elementor-element-34eeca5c elementor-hidden-widescreen elementor-hidden-desktop elementor-hidden-mobile e-flex e-con-boxed e-con e-parent\" data-id=\"34eeca5c\" data-element_type=\"container\" data-settings=\"{&quot;container_type&quot;:&quot;flex&quot;,&quot;content_width&quot;:&quot;boxed&quot;}\" data-core-v316-plus=\"true\">\n\t\t\t\t\t<div class=\"e-con-inner\">\n\t\t<div class=\"elementor-element elementor-element-6b0bbe6f e-flex e-con-boxed e-con e-child\" data-id=\"6b0bbe6f\" data-element_type=\"container\" data-settings=\"{&quot;container_type&quot;:&quot;flex&quot;,&quot;content_width&quot;:&quot;boxed&quot;}\">\n\t\t\t\t\t<div class=\"e-con-inner\">\n\t\t\t\t<div class=\"elementor-element elementor-element-246bd5e4 elementor-widget elementor-widget-heading\" data-id=\"246bd5e4\" data-element_type=\"widget\" data-widget_type=\"heading.default\">\n\t\t\t\t<div class=\"elementor-widget-container\">\n\t\t\t<style>\/*! elementor - v3.17.0 - 25-10-2023 *\/\n.elementor-heading-title{padding:0;margin:0;line-height:1}.elementor-widget-heading .elementor-heading-title[class*=elementor-size-]>a{color:inherit;font-size:inherit;line-height:inherit}.elementor-widget-heading .elementor-heading-title.elementor-size-small{font-size:15px}.elementor-widget-heading .elementor-heading-title.elementor-size-medium{font-size:19px}.elementor-widget-heading .elementor-heading-title.elementor-size-large{font-size:29px}.elementor-widget-heading .elementor-heading-title.elementor-size-xl{font-size:39px}.elementor-widget-heading .elementor-heading-title.elementor-size-xxl{font-size:59px}<\/style><h2 class=\"elementor-heading-title elementor-size-default\"><span class=\"inicio-bl\"> <a class=\"breadcrumb-link-bl\" href=\"https:\/\/emmapay.com\/el-salvador\/ayuda\">Ayuda<\/a> <\/span><\/span><span class=\"blu\">\/<\/span>  Preguntas frecuentes <\/h2>\t\t<\/div>\n\t\t\t\t<\/div>\n\t\t\t\t\t<\/div>\n\t\t\t\t<\/div>\n\t\t\t\t\t<\/div>\n\t\t\t\t<\/div>\n\t\t<div class=\"elementor-element elementor-element-17256d51 e-flex e-con-boxed e-con e-parent\" data-id=\"17256d51\" data-element_type=\"container\" data-settings=\"{&quot;background_background&quot;:&quot;classic&quot;,&quot;container_type&quot;:&quot;flex&quot;,&quot;content_width&quot;:&quot;boxed&quot;}\" data-core-v316-plus=\"true\">\n\t\t\t\t\t<div class=\"e-con-inner\">\n\t\t<div class=\"elementor-element elementor-element-15c43a4b e-flex e-con-boxed e-con e-child\" data-id=\"15c43a4b\" data-element_type=\"container\" data-settings=\"{&quot;background_background&quot;:&quot;classic&quot;,&quot;container_type&quot;:&quot;flex&quot;,&quot;content_width&quot;:&quot;boxed&quot;}\" data-e-bg-lazyload=\"\">\n\t\t\t\t\t<div class=\"e-con-inner\">\n\t\t<div class=\"elementor-element elementor-element-33298ed2 elementor-hidden-tablet elementor-hidden-mobile_extra e-flex e-con-boxed e-con e-child\" data-id=\"33298ed2\" data-element_type=\"container\" data-settings=\"{&quot;container_type&quot;:&quot;flex&quot;,&quot;content_width&quot;:&quot;boxed&quot;}\">\n\t\t\t\t\t<div class=\"e-con-inner\">\n\t\t\t\t<div class=\"elementor-element elementor-element-5128a74a elementor-widget elementor-widget-heading\" data-id=\"5128a74a\" data-element_type=\"widget\" data-widget_type=\"heading.default\">\n\t\t\t\t<div class=\"elementor-widget-container\">\n\t\t\t<h6 class=\"elementor-heading-title elementor-size-default\"><span class=\"inicio-ay\"> <a class=\"breadcrumb-link-ay\" href=\"https:\/\/emmapay.com\/el-salvador\/ayuda\">Ayuda<\/a> <\/span><\/span><span class=\"whi\">\/<\/span>  Preguntas frecuentes <\/h6>\t\t<\/div>\n\t\t\t\t<\/div>\n\t\t\t\t\t<\/div>\n\t\t\t\t<\/div>\n\t\t<div class=\"elementor-element elementor-element-3351eca7 e-flex e-con-boxed e-con e-child\" data-id=\"3351eca7\" data-element_type=\"container\" data-settings=\"{&quot;container_type&quot;:&quot;flex&quot;,&quot;content_width&quot;:&quot;boxed&quot;}\">\n\t\t\t\t\t<div class=\"e-con-inner\">\n\t\t<div class=\"elementor-element elementor-element-f062f6f e-flex e-con-boxed e-con e-child\" data-id=\"f062f6f\" data-element_type=\"container\" data-settings=\"{&quot;container_type&quot;:&quot;flex&quot;,&quot;content_width&quot;:&quot;boxed&quot;}\">\n\t\t\t\t\t<div class=\"e-con-inner\">\n\t\t\t\t<div class=\"elementor-element elementor-element-144954a4 elementor-widget elementor-widget-heading\" data-id=\"144954a4\" data-element_type=\"widget\" data-widget_type=\"heading.default\">\n\t\t\t\t<div class=\"elementor-widget-container\">\n\t\t\t<h1 class=\"elementor-heading-title elementor-size-default\">Preguntas<\/h1>\t\t<\/div>\n\t\t\t\t<\/div>\n\t\t\t\t<div class=\"elementor-element elementor-element-1a41a991 elementor-widget elementor-widget-heading\" data-id=\"1a41a991\" data-element_type=\"widget\" data-widget_type=\"heading.default\">\n\t\t\t\t<div class=\"elementor-widget-container\">\n\t\t\t<h1 class=\"elementor-heading-title elementor-size-default\">frecuen<span class=\"title-gr\">tes<\/span><\/h1>\t\t<\/div>\n\t\t\t\t<\/div>\n\t\t\t\t\t<\/div>\n\t\t\t\t<\/div>\n\t\t\t\t\t<\/div>\n\t\t\t\t<\/div>\n\t\t\t\t\t<\/div>\n\t\t\t\t<\/div>\n\t\t\t\t\t<\/div>\n\t\t\t\t<\/div>\n\t\t<div class=\"elementor-element elementor-element-25545c12 e-flex e-con-boxed e-con e-parent\" data-id=\"25545c12\" data-element_type=\"container\" data-settings=\"{&quot;background_background&quot;:&quot;classic&quot;,&quot;container_type&quot;:&quot;flex&quot;,&quot;content_width&quot;:&quot;boxed&quot;}\" data-e-bg-lazyload=\"\" data-core-v316-plus=\"true\">\n\t\t\t\t\t<div class=\"e-con-inner\">\n\t\t<div class=\"elementor-element elementor-element-6d12be0c e-con-full e-flex e-con e-child\" data-id=\"6d12be0c\" data-element_type=\"container\" data-settings=\"{&quot;content_width&quot;:&quot;full&quot;,&quot;container_type&quot;:&quot;flex&quot;}\">\n\t\t\t\t<div class=\"elementor-element elementor-element-1484d8b3 elementor-widget elementor-widget-heading\" data-id=\"1484d8b3\" data-element_type=\"widget\" data-widget_type=\"heading.default\">\n\t\t\t\t<div class=\"elementor-widget-container\">\n\t\t\t<h4 class=\"elementor-heading-title elementor-size-default\">Te ayudamos a solventar tus dudas, seleccion\u00e1 la opci\u00f3n que m\u00e1s te interesa.<\/h4>\t\t<\/div>\n\t\t\t\t<\/div>\n\t\t\t\t<\/div>\n\t\t<div class=\"elementor-element elementor-element-3d4ca08b e-con-full e-flex e-con e-child\" data-id=\"3d4ca08b\" data-element_type=\"container\" data-settings=\"{&quot;content_width&quot;:&quot;full&quot;,&quot;background_background&quot;:&quot;classic&quot;,&quot;container_type&quot;:&quot;flex&quot;}\">\n\t\t<a class=\"elementor-element elementor-element-929df1a e-con-full faq-tarjeta-de-credito e-flex e-con e-child\" data-id=\"929df1a\" data-element_type=\"container\" data-settings=\"{&quot;content_width&quot;:&quot;full&quot;,&quot;background_background&quot;:&quot;classic&quot;,&quot;container_type&quot;:&quot;flex&quot;}\" href=\"https:\/\/emmapay.com\/el-salvador\/ayuda\/preguntas-frecuentes\/preguntas-frecuentes-tarjeta-de-credito\/\">\n\t\t<div class=\"elementor-element elementor-element-a42c0da e-con-full e-flex e-con e-child\" data-id=\"a42c0da\" data-element_type=\"container\" data-settings=\"{&quot;content_width&quot;:&quot;full&quot;,&quot;container_type&quot;:&quot;flex&quot;}\">\n\t\t\t\t<div class=\"elementor-element elementor-element-2050d02 elementor-widget elementor-widget-image\" data-id=\"2050d02\" data-element_type=\"widget\" data-widget_type=\"image.default\">\n\t\t\t\t<div class=\"elementor-widget-container\">\n\t\t\t<style>\/*! elementor - v3.17.0 - 25-10-2023 *\/\n.elementor-widget-image{text-align:center}.elementor-widget-image a{display:inline-block}.elementor-widget-image a img[src$=\".svg\"]{width:48px}.elementor-widget-image img{vertical-align:middle;display:inline-block}<\/style>\t\t\t\t\t<div class=\"elementor-image\">\n\t\t\t\t\t\t\t\t\t\t\t\t<img loading=\"lazy\" decoding=\"async\" width=\"245\" height=\"209\" src=\"https:\/\/emmapay.com\/el-salvador\/wp-content\/uploads\/sites\/10\/2024\/04\/icon1.svg\" class=\"attachment-full size-full wp-image-9014\" alt=\"\" \/>\t\t\t\t\t\t\t\t\t\t\t\t\t\t<\/div>\n\t\t\t\t\t\t<\/div>\n\t\t\t\t<\/div>\n\t\t\t\t<\/div>\n\t\t<div class=\"elementor-element elementor-element-695029d e-flex e-con-boxed e-con e-child\" data-id=\"695029d\" data-element_type=\"container\" data-settings=\"{&quot;container_type&quot;:&quot;flex&quot;,&quot;content_width&quot;:&quot;boxed&quot;}\">\n\t\t\t\t\t<div class=\"e-con-inner\">\n\t\t\t\t<div class=\"elementor-element elementor-element-4871420 elementor-widget elementor-widget-heading\" data-id=\"4871420\" data-element_type=\"widget\" data-widget_type=\"heading.default\">\n\t\t\t\t<div class=\"elementor-widget-container\">\n\t\t\t<h2 class=\"elementor-heading-title elementor-size-default\">Tarjeta de cr\u00e9dito<\/h2>\t\t<\/div>\n\t\t\t\t<\/div>\n\t\t\t\t\t<\/div>\n\t\t\t\t<\/div>\n\t\t\t\t<\/a>\n\t\t<a class=\"elementor-element elementor-element-2d858349 e-con-full faq-credito-digital e-flex e-con e-child\" data-id=\"2d858349\" data-element_type=\"container\" data-settings=\"{&quot;content_width&quot;:&quot;full&quot;,&quot;background_background&quot;:&quot;classic&quot;,&quot;container_type&quot;:&quot;flex&quot;}\" href=\"https:\/\/emmapay.com\/el-salvador\/ayuda\/preguntas-frecuentes\/preguntas-frecuentes-personas\/\">\n\t\t<div class=\"elementor-element elementor-element-5ce9fcbc e-con-full e-flex e-con e-child\" data-id=\"5ce9fcbc\" data-element_type=\"container\" data-settings=\"{&quot;content_width&quot;:&quot;full&quot;,&quot;container_type&quot;:&quot;flex&quot;}\">\n\t\t\t\t<div class=\"elementor-element elementor-element-5e200850 elementor-widget elementor-widget-image\" data-id=\"5e200850\" data-element_type=\"widget\" data-widget_type=\"image.default\">\n\t\t\t\t<div class=\"elementor-widget-container\">\n\t\t\t\t\t\t\t\t<div class=\"elementor-image\">\n\t\t\t\t\t\t\t\t\t\t\t\t<img loading=\"lazy\" decoding=\"async\" width=\"285\" height=\"209\" src=\"https:\/\/emmapay.com\/el-salvador\/wp-content\/uploads\/sites\/10\/2023\/09\/emma-para-personas.svg\" class=\"attachment-full size-full wp-image-1206\" alt=\"Emma para personas\" \/>\t\t\t\t\t\t\t\t\t\t\t\t\t\t<\/div>\n\t\t\t\t\t\t<\/div>\n\t\t\t\t<\/div>\n\t\t\t\t<\/div>\n\t\t<div class=\"elementor-element elementor-element-47507bba e-flex e-con-boxed e-con e-child\" data-id=\"47507bba\" data-element_type=\"container\" data-settings=\"{&quot;container_type&quot;:&quot;flex&quot;,&quot;content_width&quot;:&quot;boxed&quot;}\">\n\t\t\t\t\t<div class=\"e-con-inner\">\n\t\t\t\t<div class=\"elementor-element elementor-element-44144e63 elementor-widget elementor-widget-heading\" data-id=\"44144e63\" data-element_type=\"widget\" data-widget_type=\"heading.default\">\n\t\t\t\t<div class=\"elementor-widget-container\">\n\t\t\t<h2 class=\"elementor-heading-title elementor-size-default\">Cr\u00e9dito digital<\/h2>\t\t<\/div>\n\t\t\t\t<\/div>\n\t\t\t\t\t<\/div>\n\t\t\t\t<\/div>\n\t\t\t\t<\/a>\n\t\t<a class=\"elementor-element elementor-element-4ee808bd e-con-full faq-comercios e-flex e-con e-child\" data-id=\"4ee808bd\" data-element_type=\"container\" data-settings=\"{&quot;content_width&quot;:&quot;full&quot;,&quot;background_background&quot;:&quot;classic&quot;,&quot;container_type&quot;:&quot;flex&quot;}\" href=\"https:\/\/emmapay.com\/el-salvador\/ayuda\/preguntas-frecuentes\/preguntas-frecuentes-comercios\/\">\n\t\t<div class=\"elementor-element elementor-element-3a4ba4e e-con-full e-flex e-con e-child\" data-id=\"3a4ba4e\" data-element_type=\"container\" data-settings=\"{&quot;content_width&quot;:&quot;full&quot;,&quot;container_type&quot;:&quot;flex&quot;}\">\n\t\t\t\t<div class=\"elementor-element elementor-element-4034b433 elementor-widget elementor-widget-image\" data-id=\"4034b433\" data-element_type=\"widget\" data-widget_type=\"image.default\">\n\t\t\t\t<div class=\"elementor-widget-container\">\n\t\t\t\t\t\t\t\t<div class=\"elementor-image\">\n\t\t\t\t\t\t\t\t\t\t\t\t<img loading=\"lazy\" decoding=\"async\" width=\"231\" height=\"208\" src=\"https:\/\/emmapay.com\/el-salvador\/wp-content\/uploads\/sites\/10\/2023\/09\/collaboration-work-collaboration.svg\" class=\"attachment-full size-full wp-image-1207\" alt=\"Emma para comercios\" \/>\t\t\t\t\t\t\t\t\t\t\t\t\t\t<\/div>\n\t\t\t\t\t\t<\/div>\n\t\t\t\t<\/div>\n\t\t\t\t<\/div>\n\t\t<div class=\"elementor-element elementor-element-35c22272 e-flex e-con-boxed e-con e-child\" data-id=\"35c22272\" data-element_type=\"container\" data-settings=\"{&quot;container_type&quot;:&quot;flex&quot;,&quot;content_width&quot;:&quot;boxed&quot;}\">\n\t\t\t\t\t<div class=\"e-con-inner\">\n\t\t\t\t<div class=\"elementor-element elementor-element-28e99ed7 elementor-widget elementor-widget-heading\" data-id=\"28e99ed7\" data-element_type=\"widget\" data-widget_type=\"heading.default\">\n\t\t\t\t<div class=\"elementor-widget-container\">\n\t\t\t<h2 class=\"elementor-heading-title elementor-size-default\">Emma para comercios<\/h2>\t\t<\/div>\n\t\t\t\t<\/div>\n\t\t\t\t\t<\/div>\n\t\t\t\t<\/div>\n\t\t\t\t<\/a>\n\t\t\t\t<\/div>\n\t\t\t\t\t<\/div>\n\t\t\t\t<\/div>\n\t\t\t\t\t\t\t\t\t<\/div>\n\t\t\t<\/div>\n\t\t\t\t\t<\/div>\n\t\t","protected":false},"excerpt":{"rendered":"<p>Ayuda \/ Preguntas frecuentes Ayuda \/ Preguntas frecuentes Preguntas frecuentes Te ayudamos a solventar tus dudas, seleccion\u00e1 la opci\u00f3n que m\u00e1s te interesa. Tarjeta de cr\u00e9dito Cr\u00e9dito digital Emma para comercios<\/p>\n","protected":false},"author":1,"featured_media":1206,"parent":1198,"menu_order":0,"comment_status":"closed","ping_status":"closed","template":"","meta":{"_acf_changed":false,"footnotes":""},"class_list":["post-1203","page","type-page","status-publish","has-post-thumbnail","hentry"],"acf":[],"yoast_head":"<!-- This site is optimized with the Yoast SEO plugin v23.2 - https:\/\/yoast.com\/wordpress\/plugins\/seo\/ -->\n<title>Preguntas frecuentes - Emma Pay El Salvador<\/title>\n<meta name=\"robots\" content=\"index, follow, max-snippet:-1, max-image-preview:large, max-video-preview:-1\" \/>\n<link rel=\"canonical\" href=\"https:\/\/emmapay.com\/el-salvador\/ayuda\/preguntas-frecuentes\/\" \/>\n<meta property=\"og:locale\" content=\"es_ES\" \/>\n<meta property=\"og:type\" content=\"article\" \/>\n<meta property=\"og:title\" content=\"Preguntas frecuentes - Emma Pay El Salvador\" \/>\n<meta property=\"og:description\" content=\"Ayuda \/ Preguntas frecuentes Ayuda \/ Preguntas frecuentes Preguntas frecuentes Te ayudamos a solventar tus dudas, seleccion\u00e1 la opci\u00f3n que m\u00e1s te interesa. Tarjeta de cr\u00e9dito Cr\u00e9dito digital Emma para comercios\" \/>\n<meta property=\"og:url\" content=\"https:\/\/emmapay.com\/el-salvador\/ayuda\/preguntas-frecuentes\/\" \/>\n<meta property=\"og:site_name\" content=\"Emma Pay El Salvador\" \/>\n<meta property=\"article:modified_time\" content=\"2024-04-17T16:59:19+00:00\" \/>\n<meta name=\"twitter:card\" content=\"summary_large_image\" \/>\n<meta name=\"twitter:label1\" content=\"Tiempo de lectura\" \/>\n\t<meta name=\"twitter:data1\" content=\"5 minutos\" \/>\n<script type=\"application\/ld+json\" class=\"yoast-schema-graph\">{\"@context\":\"https:\/\/schema.org\",\"@graph\":[{\"@type\":\"WebPage\",\"@id\":\"https:\/\/emmapay.com\/el-salvador\/ayuda\/preguntas-frecuentes\/\",\"url\":\"https:\/\/emmapay.com\/el-salvador\/ayuda\/preguntas-frecuentes\/\",\"name\":\"Preguntas frecuentes - Emma Pay El Salvador\",\"isPartOf\":{\"@id\":\"https:\/\/emmapay.com\/el-salvador\/#website\"},\"primaryImageOfPage\":{\"@id\":\"https:\/\/emmapay.com\/el-salvador\/ayuda\/preguntas-frecuentes\/#primaryimage\"},\"image\":{\"@id\":\"https:\/\/emmapay.com\/el-salvador\/ayuda\/preguntas-frecuentes\/#primaryimage\"},\"thumbnailUrl\":\"https:\/\/emmapay.com\/el-salvador\/wp-content\/uploads\/sites\/10\/2023\/09\/emma-para-personas.svg\",\"datePublished\":\"2023-09-15T13:58:53+00:00\",\"dateModified\":\"2024-04-17T16:59:19+00:00\",\"breadcrumb\":{\"@id\":\"https:\/\/emmapay.com\/el-salvador\/ayuda\/preguntas-frecuentes\/#breadcrumb\"},\"inLanguage\":\"es\",\"potentialAction\":[{\"@type\":\"ReadAction\",\"target\":[\"https:\/\/emmapay.com\/el-salvador\/ayuda\/preguntas-frecuentes\/\"]}]},{\"@type\":\"ImageObject\",\"inLanguage\":\"es\",\"@id\":\"https:\/\/emmapay.com\/el-salvador\/ayuda\/preguntas-frecuentes\/#primaryimage\",\"url\":\"https:\/\/emmapay.com\/el-salvador\/wp-content\/uploads\/sites\/10\/2023\/09\/emma-para-personas.svg\",\"contentUrl\":\"https:\/\/emmapay.com\/el-salvador\/wp-content\/uploads\/sites\/10\/2023\/09\/emma-para-personas.svg\",\"width\":285,\"height\":209,\"caption\":\"Emma para personas\"},{\"@type\":\"BreadcrumbList\",\"@id\":\"https:\/\/emmapay.com\/el-salvador\/ayuda\/preguntas-frecuentes\/#breadcrumb\",\"itemListElement\":[{\"@type\":\"ListItem\",\"position\":1,\"name\":\"Home\",\"item\":\"https:\/\/emmapay.com\/el-salvador\/\"},{\"@type\":\"ListItem\",\"position\":2,\"name\":\"Ayuda\",\"item\":\"https:\/\/emmapay.com\/el-salvador\/ayuda\/\"},{\"@type\":\"ListItem\",\"position\":3,\"name\":\"Preguntas frecuentes\"}]},{\"@type\":\"WebSite\",\"@id\":\"https:\/\/emmapay.com\/el-salvador\/#website\",\"url\":\"https:\/\/emmapay.com\/el-salvador\/\",\"name\":\"Emma Pay El Salvador\",\"description\":\"Emma Pay El Salvador\",\"publisher\":{\"@id\":\"https:\/\/emmapay.com\/el-salvador\/#organization\"},\"potentialAction\":[{\"@type\":\"SearchAction\",\"target\":{\"@type\":\"EntryPoint\",\"urlTemplate\":\"https:\/\/emmapay.com\/el-salvador\/?s={search_term_string}\"},\"query-input\":\"required name=search_term_string\"}],\"inLanguage\":\"es\"},{\"@type\":\"Organization\",\"@id\":\"https:\/\/emmapay.com\/el-salvador\/#organization\",\"name\":\"Emma Pay El Salvador\",\"url\":\"https:\/\/emmapay.com\/el-salvador\/\",\"logo\":{\"@type\":\"ImageObject\",\"inLanguage\":\"es\",\"@id\":\"https:\/\/emmapay.com\/el-salvador\/#\/schema\/logo\/image\/\",\"url\":\"https:\/\/emmapay.com\/el-salvador\/wp-content\/uploads\/sites\/10\/2023\/09\/Logo-Emma.svg\",\"contentUrl\":\"https:\/\/emmapay.com\/el-salvador\/wp-content\/uploads\/sites\/10\/2023\/09\/Logo-Emma.svg\",\"width\":171,\"height\":68,\"caption\":\"Emma Pay El Salvador\"},\"image\":{\"@id\":\"https:\/\/emmapay.com\/el-salvador\/#\/schema\/logo\/image\/\"}}]}<\/script>\n<!-- \/ Yoast SEO plugin. -->","yoast_head_json":{"title":"Preguntas frecuentes - Emma Pay El Salvador","robots":{"index":"index","follow":"follow","max-snippet":"max-snippet:-1","max-image-preview":"max-image-preview:large","max-video-preview":"max-video-preview:-1"},"canonical":"https:\/\/emmapay.com\/el-salvador\/ayuda\/preguntas-frecuentes\/","og_locale":"es_ES","og_type":"article","og_title":"Preguntas frecuentes - Emma Pay El Salvador","og_description":"Ayuda \/ Preguntas frecuentes Ayuda \/ Preguntas frecuentes Preguntas frecuentes Te ayudamos a solventar tus dudas, seleccion\u00e1 la opci\u00f3n que m\u00e1s te interesa. Tarjeta de cr\u00e9dito Cr\u00e9dito digital Emma para comercios","og_url":"https:\/\/emmapay.com\/el-salvador\/ayuda\/preguntas-frecuentes\/","og_site_name":"Emma Pay El Salvador","article_modified_time":"2024-04-17T16:59:19+00:00","twitter_card":"summary_large_image","twitter_misc":{"Tiempo de lectura":"5 minutos"},"schema":{"@context":"https:\/\/schema.org","@graph":[{"@type":"WebPage","@id":"https:\/\/emmapay.com\/el-salvador\/ayuda\/preguntas-frecuentes\/","url":"https:\/\/emmapay.com\/el-salvador\/ayuda\/preguntas-frecuentes\/","name":"Preguntas frecuentes - Emma Pay El Salvador","isPartOf":{"@id":"https:\/\/emmapay.com\/el-salvador\/#website"},"primaryImageOfPage":{"@id":"https:\/\/emmapay.com\/el-salvador\/ayuda\/preguntas-frecuentes\/#primaryimage"},"image":{"@id":"https:\/\/emmapay.com\/el-salvador\/ayuda\/preguntas-frecuentes\/#primaryimage"},"thumbnailUrl":"https:\/\/emmapay.com\/el-salvador\/wp-content\/uploads\/sites\/10\/2023\/09\/emma-para-personas.svg","datePublished":"2023-09-15T13:58:53+00:00","dateModified":"2024-04-17T16:59:19+00:00","breadcrumb":{"@id":"https:\/\/emmapay.com\/el-salvador\/ayuda\/preguntas-frecuentes\/#breadcrumb"},"inLanguage":"es","potentialAction":[{"@type":"ReadAction","target":["https:\/\/emmapay.com\/el-salvador\/ayuda\/preguntas-frecuentes\/"]}]},{"@type":"ImageObject","inLanguage":"es","@id":"https:\/\/emmapay.com\/el-salvador\/ayuda\/preguntas-frecuentes\/#primaryimage","url":"https:\/\/emmapay.com\/el-salvador\/wp-content\/uploads\/sites\/10\/2023\/09\/emma-para-personas.svg","contentUrl":"https:\/\/emmapay.com\/el-salvador\/wp-content\/uploads\/sites\/10\/2023\/09\/emma-para-personas.svg","width":285,"height":209,"caption":"Emma para personas"},{"@type":"BreadcrumbList","@id":"https:\/\/emmapay.com\/el-salvador\/ayuda\/preguntas-frecuentes\/#breadcrumb","itemListElement":[{"@type":"ListItem","position":1,"name":"Home","item":"https:\/\/emmapay.com\/el-salvador\/"},{"@type":"ListItem","position":2,"name":"Ayuda","item":"https:\/\/emmapay.com\/el-salvador\/ayuda\/"},{"@type":"ListItem","position":3,"name":"Preguntas frecuentes"}]},{"@type":"WebSite","@id":"https:\/\/emmapay.com\/el-salvador\/#website","url":"https:\/\/emmapay.com\/el-salvador\/","name":"Emma Pay El Salvador","description":"Emma Pay El Salvador","publisher":{"@id":"https:\/\/emmapay.com\/el-salvador\/#organization"},"potentialAction":[{"@type":"SearchAction","target":{"@type":"EntryPoint","urlTemplate":"https:\/\/emmapay.com\/el-salvador\/?s={search_term_string}"},"query-input":"required name=search_term_string"}],"inLanguage":"es"},{"@type":"Organization","@id":"https:\/\/emmapay.com\/el-salvador\/#organization","name":"Emma Pay El Salvador","url":"https:\/\/emmapay.com\/el-salvador\/","logo":{"@type":"ImageObject","inLanguage":"es","@id":"https:\/\/emmapay.com\/el-salvador\/#\/schema\/logo\/image\/","url":"https:\/\/emmapay.com\/el-salvador\/wp-content\/uploads\/sites\/10\/2023\/09\/Logo-Emma.svg","contentUrl":"https:\/\/emmapay.com\/el-salvador\/wp-content\/uploads\/sites\/10\/2023\/09\/Logo-Emma.svg","width":171,"height":68,"caption":"Emma Pay El Salvador"},"image":{"@id":"https:\/\/emmapay.com\/el-salvador\/#\/schema\/logo\/image\/"}}]}},"_links":{"self":[{"href":"https:\/\/emmapay.com\/el-salvador\/wp-json\/wp\/v2\/pages\/1203"}],"collection":[{"href":"https:\/\/emmapay.com\/el-salvador\/wp-json\/wp\/v2\/pages"}],"about":[{"href":"https:\/\/emmapay.com\/el-salvador\/wp-json\/wp\/v2\/types\/page"}],"author":[{"embeddable":true,"href":"https:\/\/emmapay.com\/el-salvador\/wp-json\/wp\/v2\/users\/1"}],"replies":[{"embeddable":true,"href":"https:\/\/emmapay.com\/el-salvador\/wp-json\/wp\/v2\/comments?post=1203"}],"version-history":[{"count":50,"href":"https:\/\/emmapay.com\/el-salvador\/wp-json\/wp\/v2\/pages\/1203\/revisions"}],"predecessor-version":[{"id":9029,"href":"https:\/\/emmapay.com\/el-salvador\/wp-json\/wp\/v2\/pages\/1203\/revisions\/9029"}],"up":[{"embeddable":true,"href":"https:\/\/emmapay.com\/el-salvador\/wp-json\/wp\/v2\/pages\/1198"}],"wp:featuredmedia":[{"embeddable":true,"href":"https:\/\/emmapay.com\/el-salvador\/wp-json\/wp\/v2\/media\/1206"}],"wp:attachment":[{"href":"https:\/\/emmapay.com\/el-salvador\/wp-json\/wp\/v2\/media?parent=1203"}],"curies":[{"name":"wp","href":"https:\/\/api.w.org\/{rel}","templated":true}]}}